ive of 1/12*r**4 + 0 + 1/120*r**w - 2*r**2 + 0*r + 0*r**3 + 1/12*r**5. What is h(-4)?
8
Suppose 4*d + 26 = 6*d. Let y = d + -9. Let f(b) = 0 + 0*b - y + 3*b - 2*b. Calculate f(0).
-4
Let x = 25 - 26. Let q(c) be the third derivative of 2*c**5/15 + c**4/12 + c**3/6 - 2*c**2. Determine q(x).
7
Let d be 2/(-4)*0 - 3. Let h(k) = 3*k - 11*k + 7*k. Let w(x) = -x**2 - 4*x - 1. Let f(s) = -3*h(s) + w(s). What is f(d)?
-7
Let f(v) be the third derivative of -v**4/24 - 2*v**3/3 + 20*v**2. Give f(-7).
3
Suppose 4*l = 2*n - 18, -3 = -n + 2*l - 3*l. Let b(d) = d - 2. Let c be b(n). Let m(h) = -3*h. Give m(c).
-9
Let p(w) = 7*w**3 + 9*w**2 + 5*w + 9. Let r(u) = 10*u**3 + 13*u**2 + 7*u + 13. Let g(q) = -7*p(q) + 5*r(q). Give g(-2).
2
Let z(g) = -4 + 5*g + 2*g + 0*g - 9*g. Determine z(-4).
4
Let l(w) be the first derivative of -3/2*w**4 + w + w**2 + 1/3*w**3 - 6. Determine l(-1).
6
Let z(p) = -p**2 - 6*p + 8. Let s = 6 + -12. What is z(s)?
8
Let t = 3 - 3. Let l(v) = 2 + t*v - 3*v + 2*v. Let g(p) = -p + 2. Let n(f) = -4*g(f) + 3*l(f). Determine n(3).
1
Let x(o) = 5*o + 3. Suppose 0 = -f + 6*f - 15. Let y be ((f - 2) + 2)*3. Let b be ((-12)/(y/(-3)))/(-2). Determine x(b).
-7
Suppose 0 = -5*o - 8 - 2. Let g(x) be the second derivative of x**2 + 1/2*x**3 - 9*x + 0. What is g(o)?
-4
Let q(h) = 0 + 0 - h + 8. Let r = 20 + -14. Give q(r).
2
Let v(n) be the second derivative of 1/6*n**3 - n - 5/12*n**4 - 1/20*n**5 + 0 - 3/2*n**2. Give v(-5).
-8
Let c(k) be the second derivative of k**3/3 - k**2/2 + 3*k. Let y be (-90)/(-21) - 4/14. Let m be ((-1)/(-2))/(2/y). Determine c(m).
1
Let f(j) = 3 + 3*j - 3*j + 0*j - j**3. Let g be f(0). Let u(r) = -4*r + 3. What is u(g)?
-9
Let i(t) = t**3 - 10*t**2 - 9*t + 1. Let a(h) = -3*h**3 + 21*h**2 + 19*h - 2. Let n(z) = -2*a(z) - 5*i(z). What is n(-7)?
-1
Suppose 0 = -5*o + 4 + 1. Let c = -1 + 2. Let a(l) = -l - o - c + 0. Give a(3).
-5
Let h(l) = -2*l + 2*l + 2*l. Let d = 4 + -2. Suppose 0 = w + 1 + 1, 0 = -3*t - 4*w - d. Give h(t).
4
Let m(v) = v**2 - 8*v + 2. Let g(x) = x - 1. Let h be g(-3). Let i(d) = -d + 3. Let u be i(h). Give m(u).
-5
Let o(n) = -10*n + 1. Let f be (2/6)/(1/(-3)). Give o(f).
11
Let q(l) be the third derivative of -13*l**6/120 + l**4/24 - 7*l**2. Calculate q(1).
-12
Let k(w) = -3*w**3 - w**2 - 3*w**3 + 2*w**2 + 0*w**2. Suppose -4*t + 8 = -4*c, c = 3*t - 0*t. Give k(t).
7
Let l(a) = 2*a + 2. Let s be (2 - (-3 - -5)) + 4. Suppose -3*n + 4*k = -7*n + s, -2*n - 3*k = 0. Calculate l(n).
8
Let x(t) = t**3 - t**2 - 5. Let i be (-1)/2*(8 - 8). Give x(i).
-5
Let j(r) = r + 5. Let x = -22 - -22. Suppose -4*g - 36 = -4*o, -3*g - 4*o = -x*g + 6. Determine j(g).
-1
Let p(m) = 4*m**2 + 1. Let k be (2 - 5) + 2/1. Let f be p(k). Suppose f*o + 14 = -11. Let q(g) = g**2 + 8*g + 7. Give q(o).
-8
Suppose -a - 1 = -3*u, 13 = 5*a + 6*u - 3*u. Suppose -2*t + a = -3*t. Let c(o) = -o**2 - 4*o - 3. Determine c(t).
1
Let t(v) = -v**3 + 8*v**2 - v - 3. Let a(f) = -2*f**3 + 7*f**2 + f - 4. Let w be a(3). What is t(w)?
-11
Let m(n) = n - 6. Suppose 0 = 3*p - 0*u + 4*u - 14, 2*p - 3*u + 2 = 0. Suppose -3*r + 4*c + 8 = 0, 0 = 5*r + p*c + 3*c + 45. Let f = 9 + r. Give m(f).
-1
Let p(i) = i**3 + 4*i**2 - 2. Let u(j) = 3*j**3 + 13*j**2 + j - 6. Let a(t) = -7*p(t) + 2*u(t). Determine a(-2).
-2
Let u(s) = 10*s - 2*s - 3*s + 1. Determine u(2).
11
Let v(l) = 5*l**2 - l**3 - 6*l + 7 - 7. Suppose -4*m - 4*o = -o - 31, -9 = -m - o. What is v(m)?
-8
Let o(r) = -3*r + 7. Let f(g) = -g. Let t(i) = -5*f(i) + o(i). Give t(-6).
-5
Let g(p) be the first derivative of -5*p**2 + 21*p + 5. Let t(h) = 7*h - 14. Let l(c) = 5*g(c) + 7*t(c). Determine l(5).
2
Suppose -3*d - 6 = -18. Let x(b) = 8*b**3 - 8*b**2 - 2*b + 9. Let y(o) = 3*o**3 - 3*o**2 - o + 3. Let z(k) = d*x(k) - 11*y(k). Give z(3).
-6
Suppose 6 = -4*l - 2. Let u be (1 + 5)/l - -3. Let a(k) = -k + u - 5*k**2 + k + 1. Calculate a(1).
-4
Let a(i) = 7*i + 15 - 4*i**2 - 21 + 3*i**2. Let d = 0 - -4. Calculate a(d).
6
Let o = -10 - -16. Let y(m) be the third derivative of 14*m**2 + 0 + 0*m + 1/24*m**4 + 1/3*m**3. Calculate y(o).
8
Let m(r) = r**3 - 5*r**2 - 1 - 13*r**3 + 9*r**3 + 4*r**3 - 2*r. Give m(4).
-25
Let p(q) = -q**3 + 3*q**2 - 2*q. Suppose 0*g = -g - 5. Let m = 5 + g. Let s = m - -2. What is p(s)?
0
Let s(j) be the first derivative of -j**4/4 - 4*j**3/3 - 3*j**2/2 + j + 1. Let y be (-7)/7*(2 - (0 + -1)). What is s(y)?
1
Suppose -2*j - 12 = 2*j. Let a = 6 + j. Let f(h) = -h + 2. Give f(a).
-1
Let w(m) = -4*m**2 - 6*m - 1. Let k(g) = -3*g**2 - 6*g - 1. Suppose 0 = a + a + 6. Let z(y) = a*k(y) + 2*w(y). What is z(-6)?
1
Let m(z) = -41*z - 3. Let g(n) = 19*n + 1. Let d(v) = 13*g(v) + 6*m(v). Suppose -9 = -2*a + 1. Determine d(a).
0
Suppose 5*j - 2*c = 42, 0 = 4*j - j - 2*c - 26. Let w be (-4)/j - 5/2. Let b(v) = 0*v + 3 - v**2 - 3*v + 0*v. What is b(w)?
3
Suppose 0 = 3*n - 8 + 2. Suppose 2*b - 8 = n. Suppose -b + 1 = -4*c. Let z(a) = 6*a**3 - a**2. What is z(c)?
5
Let k(j) = -3*j + 1. Let r(v) = -7*v + 1. Let n(o) = -5*k(o) + 2*r(o). Let h(z) = 8*z - 25. Let c(x) = 6*h(x) - 51*n(x). Determine c(3).
-6
Let n(y) = -y. Let o be (-2 - 6)*(-1)/(-1). Give n(o).
8
Let r(z) = -z**3 + 7*z**2 - 5*z. Let o be (45 - 0)*8/10. Let t be ((-11)/33)/((-2)/o). Determine r(t).
6
Let w(j) = -j**2 + 9*j - 6. Suppose -3*i + 16 = n, 0 = -2*i - 3*i - 3*n + 24. What is w(i)?
12
Let h(a) be the first derivative of -a**3/3 - a**2 - 2. Suppose 3*m + 0 + 1 = 2*j, 0 = m - 5*j - 17. What is h(m)?
-3
Let v(g) = g + 1. Let d(m) = -2*m**3 - 2*m**2 + 7*m + 5. Let q(c) = -d(c) + 5*v(c). Suppose 0 = 5*h + 5, h + 3 = -5*o - 8. Calculate q(o).
-4
Suppose -25*f = -f + 216. Let v(x) = x**3 + 8*x**2 - 7*x + 11. Determine v(f).
-7
Let y(f) = -f - 2. Let v be y(2). Let z be (3*2)/((-4)/v). Let w(x) = -z + 1 + x - 1. Determine w(6).
0
Let a(r) = -3*r**3 + 28*r**2 - 12*r + 20. Let z be a(9). Let q(t) = -t**3 - 6*t**2 + 5*t - 10. Determine q(z).
4
Let u(v) = v**3 - v**2 + v - 1. Let m(a) = a**3 + 4*a**2 - 6*a - 1. Let g be m(-5). Suppose -2*l - 7 = -3*t, -6*l = -g*l + 3*t - 11. Give u(l).
0
Let m(r) = -7*r + 96. Let n be m(15). Let k(c) = -c**3 - 9*c**2 - 2*c - 12. What is k(n)?
6
Let y(b) = 4*b**2 + 5*b + 5. Let f(d) = -4*d**2 - 4*d - 4. Let z(n) = -3*f(n) - 2*y(n). What is z(-2)?
14
Let j(y) be the first derivative of -7/3*y**3 - 4*y + 2 + 4*y**2. Let v(m) = 11*m**2 - 12*m + 6. Let i(n) = 8*j(n) + 5*v(n). Determine i(5).
-7
Let o(m) = -14*m**2 - 1. Let a = 31 - 32. Give o(a).
-15
Let o(h) = h + 6. Let n be o(-4). Suppose n*a = 2*d - 6, -a + 5*a = -3*d + 16. Let b(s) = s**2. Calculate b(a).
1
Let p(v) be the third derivative of v**5/30 - v**4/8 + v**3/3 + v**2. Let d be p(2). Let a(k) = k**3 - 5*k**2 + 6*k - 2. What is a(d)?
6
Let x(c) = c**2 + 6*c + 5. Suppose s = -3*s, 2*p + 4*s + 14 = 0. Determine x(p).
12
Let g(s) = s**3 - 4*s**2 - 4*s + 4. Let z be g(5). Let y(p) = -p**2 + 9*p + 9. Give y(z).
9
Let c = 2 - -2. Suppose 4*t = t + 6. Let r(b) = -1 - b - 1 + 5 + t*b. What is r(c)?
7
Let c(v) = -v**3 + 7*v**2 - 9*v + 9. Let f = 4 - -2. Determine c(f).
-9
Let g = 3 - -17. Let h = g - 14. Let z be (-46)/(-10) + h/15. Let y(u) = -u + 3. Determine y(z).
-2
Let z(s) be the third derivative of s**6/180 - s**5/120 + s**4/24 - 3*s**2. Let d(f) be the second derivative of z(f). What is d(-2)?
-9
Let o = -35 - -34. Let b(q) = 5*q**2 + 32*q + 19. Let m(i) = i**2 + 8*i + 5. Let v(h) = 2*b(h) - 9*m(h). Let y(x) = x. Let a(j) = o*v(j) - 4*y(j). Give a(5).
2
Let l(a) = -2*a**2 + 9*a - 1. Let o(t) = -5*t**2 + 19*t - 1. Let h(p) = 7*l(p) - 3*o(p). Determine h(-7).
3
Let j be (-8)/(-12) - (-14)/6. Let p(g) = g - 2. Let s = 5 - 6. Let r(z) = 3. Let q(m) = s*r(m) - 3*p(m). Give q(j).
-6
Let o(v) = v**3 - v**2 + v + 11. Let r be o(0). Let z(k) = -25*k + 1. Let h(n) = -5*n. Let j(b) = r*h(b) - 2*z(b). Determine j(-2).
8
Let j(h) = -h**3. Let v = 4 + -3. Suppose 2*s = -5*a - v, -6*s + 9 = -a - 2*s. Calculate j(a).
1
Let j(d) = -d - 2. Let z(v) = -2*v - 5. Let p = -3 - 1. Let q(g) = p*z(g) + 7*j(g). Calculate q(5).
11
Let p(d) be the first derivative of d**3/3 + 9*d**2/2 + 10*d + 11. Give p(-8).
2
Let l(s) = -s**3 - 2*s**2. Suppose -2*j + 4 = -4*j. Let m be l(j). Suppose m = 6*n - 4*n + 6. Let k(d) = -d**3 - 2*d**2 + 2*d - 1. Give k(n).
2
Let z(n) = n**3 + 2*n**2 - 